re the prime factors of 203?
7, 29
What are the prime factors of 159991?
13, 31, 397
What are the prime factors of 180816?
2, 3, 3767
List the prime factors of 46743.
3, 15581
List the prime factors of 1723.
1723
What are the prime factors of 146?
2, 73
What are the prime factors of 1876?
2, 7, 67
List the prime factors of 45609.
3, 23, 661
List the prime factors of 11528.
2, 11, 131
List the prime factors of 4022.
2, 2011
What are the prime factors of 9448?
2, 1181
What are the prime factors of 3950?
2, 5, 79
List the prime factors of 2801.
2801
List the prime factors of 12096.
2, 3, 7
List the prime factors of 4670.
2, 5, 467
What are the prime factors of 51280?
2, 5, 641
What are the prime factors of 1572?
2, 3, 131
What are the prime factors of 4132?
2, 1033
What are the prime factors of 52442?
2, 13, 2017
What are the prime factors of 3547?
3547
List the prime factors of 924.
2, 3, 7, 11
List the prime factors of 1469.
13, 113
What are the prime factors of 4790?
2, 5, 479
What are the prime factors of 1497?
3, 499
List the prime factors of 467.
467
What are the prime factors of 11179?
7, 1597
What are the prime factors of 3138?
2, 3, 523
What are the prime factors of 21613?
21613
List the prime factors of 114198.
2, 3, 7, 2719
What are the prime factors of 2181?
3, 727
List the prime factors of 2682.
2, 3, 149
What are the prime factors of 12736?
2, 199
What are the prime factors of 18591?
3, 6197
What are the prime factors of 31188?
2, 3, 23, 113
What are the prime factors of 2541?
3, 7, 11
What are the prime factors of 453?
3, 151
List the prime factors of 1918.
2, 7, 137
List the prime factors of 24916.
2, 6229
List the prime factors of 4335.
3, 5, 17
What are the prime factors of 1979?
1979
List the prime factors of 2611.
7, 373
What are the prime factors of 24266?
2, 11, 1103
List the prime factors of 3856.
2, 241
What are the prime factors of 2049?
3, 683
What are the prime factors of 1105?
5, 13, 17
List the prime factors of 12083.
43, 281
List the prime factors of 313.
313
What are the prime factors of 114781?
114781
What are the prime factors of 28?
2, 7
What are the prime factors of 57009?
3, 31, 613
List the prime factors of 1986.
2, 3, 331
List the prime factors of 1036.
2, 7, 37
List the prime factors of 893.
19, 47
List the prime factors of 10290.
2, 3, 5, 7
What are the prime factors of 1328?
2, 83
List the prime factors of 664.
2, 83
List the prime factors of 1592.
2, 199
What are the prime factors of 78683?
11, 23, 311
List the prime factors of 46145.
5, 11, 839
What are the prime factors of 51860?
2, 5, 2593
List the prime factors of 2007.
3, 223
List the prime factors of 27819.
3, 11, 281
List the prime factors of 77073.
3, 23, 1117
What are the prime factors of 93143?
17, 5479
List the prime factors of 38191.
181, 211
What are the prime factors of 94130?
2, 5, 9413
List the prime factors of 13054.
2, 61, 107
What are the prime factors of 4697?
7, 11, 61
List the prime factors of 838.
2, 419
What are the prime factors of 1887?
3, 17, 37
List the prime factors of 16687.
11, 37, 41
What are the prime factors of 10639?
10639
List the prime factors of 1731.
3, 577
List the prime factors of 1615.
5, 17, 19
List the prime factors of 1254.
2, 3, 11, 19
What are the prime factors of 334?
2, 167
List the prime factors of 81167.
23, 3529
List the prime factors of 21246.
2, 3, 3541
What are the prime factors of 80001?
3, 2963
List the prime factors of 502.
2, 251
What are the prime factors of 12072?
2, 3, 503
What are the prime factors of 20567?
131, 157
What are the prime factors of 6165?
3, 5, 137
List the prime factors of 18693.
3, 31, 67
What are the prime factors of 8361?
3, 929
What are the prime factors of 34?
2, 17
List the prime factors of 2798.
2, 1399
What are the prime factors of 3998?
2, 1999
List the prime factors of 2819.
2819
What are the prime factors of 1800?
2, 3, 5
What are the prime factors of 67935?
3, 5, 7, 647
What are the prime factors of 2339?
2339
List the prime factors of 23914.
2, 11, 1087
What are the prime factors of 1313?
13, 101
What are the prime factors of 7612?
2, 11, 173
List the prime factors of 11520.
2, 3, 5
What are the prime factors of 729?
3
What are the prime factors of 927?
3, 103
What are the prime factors of 2193?
3, 17, 43
List the prime factors of 27535.
5, 5507
What are the prime factors of 2253?
3, 751
What are the prime factors of 5?
5
What are the prime factors of 544?
2, 17
List the prime factors of 429.
3, 11, 13
What are the prime factors of 5183?
71, 73
List the prime factors of 3984.
2, 3, 83
What are the prime factors of 11852?
2, 2963
What are the prime factors of 801?
3, 89
What are the prime factors of 13162?
2, 6581
List the prime factors of 34458.
2, 3, 5743
List the prime factors of 1632.
2, 3, 17
List the prime factors of 282.
2, 3, 47
List the prime factors of 1204.
2, 7, 43
List the prime factors of 143411.
61, 2351
What are the prime factors of 8411?
13, 647
List the prime factors of 11556.
2, 3, 107
What are the prime factors of 1448?
2, 181
List the prime factors of 5541.
3, 1847
List the prime factors of 79306.
2, 19, 2087
What are the prime factors of 112880?
2, 5, 17, 83
What are the prime factors of 191?
191
What are the prime factors of 9169?
53, 173
What are the prime factors of 2976?
2, 3, 31
List the prime factors of 63.
3, 7
List the prime factors of 6906.
2, 3, 1151
List the prime factors of 460.
2, 5, 23
What are the prime factors of 1640?
2, 5, 41
List the prime factors of 14412.
2, 3, 1201
List the prime factors of 651.
3, 7, 31
What are the prime factors of 367?
367
List the prime factors of 13529.
83, 163
What are the prime factors of 545?
5, 109
List the prime factors of 3511.
3511
List the prime factors of 4314.
2, 3, 719
What are the prime factors of 131?
131
What are the prime factors of 1118?
2, 13, 43
What are the prime factors of 159955?
5, 31991
List the prime factors of 24892.
2, 7, 127
List the prime factors of 70264.
2, 8783
List the prime factors of 3216.
2, 3, 67
What are the prime factors of 118321?
7, 16903
List the prime factors of 16008.
2, 3, 23, 29
List the prime factors of 1344.
2, 3, 7
List the prime factors of 2248.
2, 281
List the prime factors of 716.
2, 179
List the prime factors of 2399.
2399
What are the prime factors of 73039?
73039
What are the prime factors of 2635?
5, 17, 31
What are the prime factors of 6959?
6959
List the prime factors of 82696.
2, 10337
List the prime factors of 20827.
59, 353
What are the prime factors of 128617?
41, 3137
What are the prime factors of 499?
499
List the prime factors of 6755.
5, 7, 193
List the prime factors of 13740.
2, 3, 5, 229
List the prime factors of 991.
991
What are the prime factors of 2237?
2237
What are the prime factors of 44069?
127, 347
List the prime factors of 23276.
2, 11, 23
What are the prime factors of 23055?
3, 5, 29, 53
List the prime factors of 24460.
2, 5, 1223
What are the prime factors of 485?
5, 97
What are the prime factors of 553?
7, 79
List the prime factors of 941.
941
List the prime factors of 12893.
12893
What are the prime factors of 3977?
41, 97
List the prime factors of 2602.
2, 1301
What are the prime factors of 692?
2, 173
What are the prime factors of 5492?
2, 1373
What are the prime factors of 93045?
3, 5, 6203
List the prime factors of 19380.
2, 3, 5, 17, 19
List the prime factors of 1012.
2, 11, 23
List the prime factors of 1398.
2, 3, 233
What are the prime factors of 1426?
2, 23, 31
List the prime factors of 62503.
7, 8929
What are the prime factors of 579?
3, 193
List the prime factors of 16895.
5, 31, 109
What are the prime factors of 5556?
2, 3, 463
What are the prime factors of 1453?
1453
List the prime factors of 6691.
6691
List the prime factors of 3274.
2, 1637
List the prime factors of 18903.
3, 6301
What are the prime factors of 4251?
3, 13, 109
What are the prime factors of 412?
2, 103
List the prime factors of 813.
3, 271
What are the prime factors of 50131?
50131
What are the prime factors of 130814?
2, 65407
What are the prime factors of 420?
2, 3, 5, 7
What are the prime factors of 957?
3, 11, 29
What are the prime factors of 1372?
2, 7
What are the prime factors of 1126?
2, 563
What are the prime factors of 3567?
3, 